{"id":1414,"date":"2015-02-05T22:04:23","date_gmt":"2015-02-05T21:04:23","guid":{"rendered":"http:\/\/www.ratkayimola.hu\/wp\/?page_id=1414"},"modified":"2026-04-14T20:52:18","modified_gmt":"2026-04-14T19:52:18","slug":"elerhetoseg","status":"publish","type":"page","link":"https:\/\/www.ratkayimola.hu\/?page_id=1414","title":{"rendered":"El\u00e9rhet\u0151s\u00e9g"},"content":{"rendered":"<h1 style=\"text-align: center;\"><strong>H\u00e9tf\u0151t\u0151l-p\u00e9ntekig 8:00-20:00-ig bejelentkezhetnek<br \/>\nBudapestre a 06 1 700 4243 \u00e9s Szentendr\u00e9re a 06 26 999 440 sz\u00e1mon!<\/strong><\/h1>\n<h1 style=\"text-align: center;\"><a href=\"https:\/\/foglaljorvost.hu\/szemesz\/dr-ratkay-imola\/\" target=\"_blank\" rel=\"noopener\"><strong>ONLINE BEJELENTKEZ\u00c9S<\/strong><\/a><\/h1>\n<table width=\"900\">\n<tbody>\n<tr>\n<td width=\"430\">\n<h3><strong>V\u00cdZI\u00d3-MED SZEM\u00c9SZET<a href=\"http:\/\/www.ratkayimola.hu\/wp-content\/uploads\/2020\/11\/vizio.jpg\" target=\"_blank\" rel=\"noopener\"><img decoding=\"async\" class=\"alignright wp-image-2074 size-full\" src=\"http:\/\/www.ratkayimola.hu\/wp-content\/uploads\/2020\/11\/vizio.jpg\" alt=\"doc\" width=\"550\"><\/a><\/strong><\/h3>\n<p>1011&nbsp;Budapest,&nbsp;Gyorskocsi utca 12.<br \/>\nE-mail: <strong><a href=\"mailto:szemeszet@vizio-med.hu\" target=\"_blank\" rel=\"noopener\">szemeszet@vizio-med.hu<\/a><\/strong>, <a href=\"mailto:info@eleslato.hu\" target=\"_blank\" rel=\"noopener\">info@eleslato.hu<\/a><br \/>\n<a href=\"http:\/\/www.vizio-med.hu\" target=\"_blank\" rel=\"noopener\">www.vizio-med.hu<\/a><\/p>\n<p><strong>BEJELENTKEZ\u00c9S<\/strong>: 06-1-700-4243 H-P 8:00-20:00 h k\u00f6z\u00f6tt<\/p>\n<p><strong>RENDEL\u00c9SI ID\u0150:<\/strong><br \/>\n<strong>Szerda:<\/strong> 10:00 &#8211; 16:00<\/td>\n<\/tr>\n<tr>\n<td width=\"430\">\n<h3><strong><a href=\"http:\/\/www.ratkayimola.hu\/wp-content\/uploads\/2020\/11\/auraclinic.jpg\" target=\"_blank\" rel=\"noopener\"><img decoding=\"async\" class=\"alignright wp-image-2073 size-full\" src=\"http:\/\/www.ratkayimola.hu\/wp-content\/uploads\/2026\/04\/drratkayimola.jpg\" alt=\"aura12\" width=\"550\"><\/a><\/strong><\/h3>\n<p><strong>M\u0170T\u00c9TEK-et kedd<\/strong> d\u00e9lut\u00e1nonk\u00e9nt v\u00e9gzem a <strong>Margitszigeten<\/strong><br \/>\n<strong>&#8211; L\u00e9zeres l\u00e1t\u00e1sjav\u00edt\u00f3 m\u0171t\u00e9tek<\/strong>&nbsp;egy\u00e9nre szabott kezel\u00e9si terv alapj\u00e1n:<br \/>\n<span style=\"font-size: inherit;\">&nbsp; VISUMAX, VISUMAX HD, PRESBYOPIA-kezel\u00e9s nt, PRK,&nbsp;PRK<br \/>\n<\/span><strong>&#8211; Ter\u00e1pi\u00e1s szaruh\u00e1rtya kezel\u00e9s<\/strong>: PTK<\/p>\n<p><strong>BEJELENTKEZ\u00c9S:<br \/>\n<\/strong>&#8211; L\u00e9zeres l\u00e1t\u00e1sjav\u00edt\u00f3 \u00e9s ter\u00e1pi\u00e1s m\u0171t\u00e9tekre:&nbsp;0620 238 3889<strong><br \/>\nkedd-cs\u00fct\u00f6rt\u00f6k&nbsp;<\/strong>10:00 &#8211; 16:00 h k\u00f6z\u00f6tt<br \/>\n<span style=\"line-height: 1.714285714; font-size: inherit;\">E-mail: <strong><a href=\"mailto:info@eleslato.hu\" target=\"_blank\" rel=\"noopener\">info@eleslato.hu<\/a><\/strong><\/span><\/td>\n<\/tr>\n<tr>\n<td width=\"430\">\n<h3><strong>DUNAKANYAR ORVOSI CENTRUM DOC<a href=\"http:\/\/www.ratkayimola.hu\/wp-content\/uploads\/2019\/06\/doc3.jpg\" target=\"_blank\" rel=\"noopener\"><img decoding=\"async\" class=\"alignright wp-image-2074 size-full\" src=\"http:\/\/www.ratkayimola.hu\/wp-content\/uploads\/2019\/06\/doc3.jpg\" alt=\"doc\" width=\"550\"><\/a><\/strong><\/h3>\n<p>2000 Szentendre, Dunakanyar krt. 30\/A<br \/>\n<a href=\"http:\/\/www.docszentendre.hu\" target=\"_blank\" rel=\"noopener\">www.docszentendre.hu<\/a><\/p>\n<p><strong>BEJELENTKEZ\u00c9S<\/strong>: 06-26-999-440 H-P 8:00-20:00 h k\u00f6z\u00f6tt<br \/>\nEl\u00e9rhet\u0151s\u00e9g szakmai k\u00e9rd\u00e9sekben rendel\u00e9si id\u0151kben:<br \/>\n06-26 302 946, 06-20 230 2941<br \/>\nE-mail: <strong><a href=\"mailto:info@docszentendre.hu\" target=\"_blank\" rel=\"noopener\">info@docszentendre.hu<\/a><\/strong>, <a href=\"mailto:info@eleslato.hu\" target=\"_blank\" rel=\"noopener\">info@eleslato.hu<\/a><\/p>\n<p><strong>RENDEL\u00c9SI ID\u0150:<\/strong><br \/>\n<strong>Cs\u00fct\u00f6rt\u00f6k<\/strong>: 10:00 &#8211; 13:00 \u00e9s 15:00 &#8211; 18:00<strong>&nbsp;<\/strong><\/td>\n<\/tr>\n<\/tbody>\n<\/table>\n<p><a href=\"https:\/\/www.facebook.com\/eleslato\/?fref=ts\" target=\"_blank\" rel=\"noopener\"><img loading=\"lazy\" decoding=\"async\" class=\"alignleft wp-image-2074 size-full\" src=\"http:\/\/www.ratkayimola.hu\/wp-content\/uploads\/2015\/02\/fblike.jpg\" alt=\"doc\" width=\"100\" height=\"265\"><\/a><br \/>\n<a href=\"https:\/\/www.facebook.com\/eleslato\/?fref=ts\" target=\"_blank\" rel=\"noopener\">K\u00f6vessen minket facebook oldalunkon!<\/a><\/p>\n<h3>&nbsp;<\/h3>\n<table width=\"900\">\n<tbody>\n<tr>\n<td width=\"330\">\n<h3><strong>L\u00e9pjen vel\u00fcnk kapcsolatba!<\/strong><\/h3>\n<p>\n<div class=\"wpcf7 no-js\" id=\"wpcf7-f230-o1\" lang=\"hu-HU\" dir=\"ltr\" data-wpcf7-id=\"230\">\n<div class=\"screen-reader-response\"><p role=\"status\" aria-live=\"polite\" aria-atomic=\"true\"><\/p> <ul><\/ul><\/div>\n<form action=\"\/index.php?rest_route=%2Fwp%2Fv2%2Fpages%2F1414#wpcf7-f230-o1\" method=\"post\" class=\"wpcf7-form init\" aria-label=\"Kapcsolatfelv\u00e9teli \u0171rlap\" novalidate=\"novalidate\" data-status=\"init\">\n<fieldset class=\"hidden-fields-container\"><input type=\"hidden\" name=\"_wpcf7\" value=\"230\" \/><input type=\"hidden\" name=\"_wpcf7_version\" value=\"6.1.5\" \/><input type=\"hidden\" name=\"_wpcf7_locale\" value=\"hu_HU\" \/><input type=\"hidden\" name=\"_wpcf7_unit_tag\" value=\"wpcf7-f230-o1\" \/><input type=\"hidden\" name=\"_wpcf7_container_post\" value=\"0\" \/><input type=\"hidden\" name=\"_wpcf7_posted_data_hash\" value=\"\" \/>\n<\/fieldset>\n<p><span class=\"wpcf7-form-control-wrap\" data-name=\"your-name\"><input size=\"40\" maxlength=\"400\" class=\"wpcf7-form-control wpcf7-text wpcf7-validates-as-required\" aria-required=\"true\" aria-invalid=\"false\" placeholder=\"N\u00e9v:*\" value=\"\" type=\"text\" name=\"your-name\" \/><\/span>\n<\/p>\n<p><span class=\"wpcf7-form-control-wrap\" data-name=\"your-email\"><input size=\"40\" maxlength=\"400\" class=\"wpcf7-form-control wpcf7-email wpcf7-validates-as-required wpcf7-text wpcf7-validates-as-email\" aria-required=\"true\" aria-invalid=\"false\" placeholder=\"E-mail c\u00edm:*\" value=\"\" type=\"email\" name=\"your-email\" \/><\/span>\n<\/p>\n<p><span class=\"wpcf7-form-control-wrap\" data-name=\"your-phone\"><input size=\"40\" maxlength=\"400\" class=\"wpcf7-form-control wpcf7-text wpcf7-validates-as-required\" aria-required=\"true\" aria-invalid=\"false\" placeholder=\"Telefon:\" value=\"\" type=\"text\" name=\"your-phone\" \/><\/span>\n<\/p>\n<p><span class=\"wpcf7-form-control-wrap\" data-name=\"your-subject\"><input size=\"40\" maxlength=\"400\" class=\"wpcf7-form-control wpcf7-text\" aria-invalid=\"false\" placeholder=\"T\u00e1rgy:\" value=\"\" type=\"text\" name=\"your-subject\" \/><\/span>\n<\/p>\n<p><span class=\"wpcf7-form-control-wrap\" data-name=\"your-message\"><textarea cols=\"40\" rows=\"10\" maxlength=\"2000\" class=\"wpcf7-form-control wpcf7-textarea\" aria-invalid=\"false\" placeholder=\"\u00dczenet:\" name=\"your-message\"><\/textarea><\/span>\n<\/p>\n<p><input class=\"wpcf7-form-control wpcf7-submit has-spinner\" type=\"submit\" value=\"K\u00fcld\u00e9s\" \/>\n<\/p><p style=\"display: none !important;\" class=\"akismet-fields-container\" data-prefix=\"_wpcf7_ak_\"><label>&#916;<textarea name=\"_wpcf7_ak_hp_textarea\" cols=\"45\" rows=\"8\" maxlength=\"100\"><\/textarea><\/label><input type=\"hidden\" id=\"ak_js_1\" name=\"_wpcf7_ak_js\" value=\"135\"\/><script>document.getElementById( \"ak_js_1\" ).setAttribute( \"value\", ( new Date() ).getTime() );<\/script><\/p><div class=\"wpcf7-response-output\" aria-hidden=\"true\"><\/div>\n<\/form>\n<\/div>\n<\/td>\n<td width=\"40\">&nbsp;<\/td>\n<td width=\"530\">\n<h3><strong>T\u00e9rk\u00e9p:<\/strong><br \/>\n[wpgmza id=&#8221;1&#8243;]<\/h3>\n<\/td>\n<\/tr>\n<\/tbody>\n<\/table>\n<!-- Facebook Members Plugin by Crunchify: http:\/\/Crunchify.com\/facebook-members\/ -->\r\n\t\t<div class=\"fb-recommendations-bar\" data-href=\"https:\/\/www.ratkayimola.hu\/?page_id=1414\" data-read-time=\"5\" data-side=\"\" data-action=\"like\"><\/div>","protected":false},"excerpt":{"rendered":"<p>H\u00e9tf\u0151t\u0151l-p\u00e9ntekig 8:00-20:00-ig bejelentkezhetnek Budapestre a 06 1 700 4243 \u00e9s Szentendr\u00e9re a 06 26 999 440 sz\u00e1mon! ONLINE BEJELENTKEZ\u00c9S V\u00cdZI\u00d3-MED SZEM\u00c9SZET 1011&nbsp;Budapest,&nbsp;Gyorskocsi utca 12. E-mail: szemeszet@vizio-med.hu, info@eleslato.hu www.vizio-med.hu BEJELENTKEZ\u00c9S: 06-1-700-4243 H-P 8:00-20:00 h k\u00f6z\u00f6tt RENDEL\u00c9SI ID\u0150: Szerda: 10:00 &#8211; 16:00 M\u0170T\u00c9TEK-et kedd d\u00e9lut\u00e1nonk\u00e9nt v\u00e9gzem a Margitszigeten &#8211; L\u00e9zeres l\u00e1t\u00e1sjav\u00edt\u00f3 m\u0171t\u00e9tek&nbsp;egy\u00e9nre szabott kezel\u00e9si terv alapj\u00e1n: &nbsp; [&hellip;]<\/p>\n","protected":false},"author":1,"featured_media":0,"parent":0,"menu_order":0,"comment_status":"closed","ping_status":"closed","template":"","meta":{"ngg_post_thumbnail":0,"footnotes":""},"class_list":["post-1414","page","type-page","status-publish","hentry"],"_links":{"self":[{"href":"https:\/\/www.ratkayimola.hu\/index.php?rest_route=\/wp\/v2\/pages\/1414","targetHints":{"allow":["GET"]}}],"collection":[{"href":"https:\/\/www.ratkayimola.hu\/index.php?rest_route=\/wp\/v2\/pages"}],"about":[{"href":"https:\/\/www.ratkayimola.hu\/index.php?rest_route=\/wp\/v2\/types\/page"}],"author":[{"embeddable":true,"href":"https:\/\/www.ratkayimola.hu\/index.php?rest_route=\/wp\/v2\/users\/1"}],"replies":[{"embeddable":true,"href":"https:\/\/www.ratkayimola.hu\/index.php?rest_route=%2Fwp%2Fv2%2Fcomments&post=1414"}],"version-history":[{"count":232,"href":"https:\/\/www.ratkayimola.hu\/index.php?rest_route=\/wp\/v2\/pages\/1414\/revisions"}],"predecessor-version":[{"id":3148,"href":"https:\/\/www.ratkayimola.hu\/index.php?rest_route=\/wp\/v2\/pages\/1414\/revisions\/3148"}],"wp:attachment":[{"href":"https:\/\/www.ratkayimola.hu\/index.php?rest_route=%2Fwp%2Fv2%2Fmedia&parent=1414"}],"curies":[{"name":"wp","href":"https:\/\/api.w.org\/{rel}","templated":true}]}}