{"id":1447,"date":"2015-02-16T15:24:07","date_gmt":"2015-02-16T14:24:07","guid":{"rendered":"http:\/\/www.ratkayimola.hu\/wp\/?page_id=1447"},"modified":"2026-04-07T09:49:55","modified_gmt":"2026-04-07T08:49:55","slug":"refraktiv-sebeszet-2","status":"publish","type":"page","link":"https:\/\/www.ratkayimola.hu\/?page_id=1447","title":{"rendered":"Refrakt\u00edv seb\u00e9szet"},"content":{"rendered":"<table width=\"240\">\n<tbody>\n<tr>\n<td width=\"80\">\n<h2 style=\"text-align: center;\"><a title=\"IntraLasik elj\u00e1r\u00e1s\" href=\"http:\/\/www.ratkayimola.hu\/?page_id=1637\"><span style=\"color: #67bcb5;\">IntraLasik= FEMTOLasik elj\u00e1r\u00e1s<\/span><\/a><\/h2>\n<\/td>\n<td width=\"80\">\n<h2 style=\"text-align: center;\">\u00a0<a title=\"PRK elj\u00e1r\u00e1s\" href=\"http:\/\/www.ratkayimola.hu\/?page_id=1641\"><span style=\"color: #67bcb5;\">PRK elj\u00e1r\u00e1s<\/span><\/a><\/h2>\n<\/td>\n<td width=\"80\">\n<h2 style=\"text-align: center;\"><a title=\"Visumax elj\u00e1r\u00e1s\" href=\"https:\/\/www.ratkayimola.hu\/?page_id=2670\"><span style=\"color: #67bcb5;\"><span style=\"color: #67bcb5;\">Visumax kezel\u00e9s<\/span><\/a><\/h2>\n<\/td>\n<\/tr>\n<\/tbody>\n<\/table>\n<p style=\"text-align: justify;\"><strong>L\u00e1t\u00f3\u00e9less\u00e9g jav\u00edt\u00e1s lehet\u0151s\u00e9gei<\/strong><\/p>\n<p style=\"text-align: justify;\">A <strong>l\u00e1t\u00f3\u00e9less\u00e9g jav\u00edt\u00e1s<\/strong>\u00e1ra napjainkban h\u00e1rom lehet\u0151s\u00e9g \u00e1ll rendelkez\u00e9s\u00fcnkre: <a href=\"http:\/\/www.ratkayimola.hu\/wp-content\/uploads\/2015\/02\/2m.png\"><img loading=\"lazy\" decoding=\"async\" class=\"alignright wp-image-2000\" src=\"http:\/\/www.ratkayimola.hu\/wp-content\/uploads\/2015\/02\/2m.png\" alt=\"2m\" width=\"400\" height=\"333\" \/><\/a>a szem\u00fcveg, a kontaktlencse \u00e9s a korrekci\u00f3s seb\u00e9szeti elj\u00e1r\u00e1sok.<\/p>\n<p style=\"text-align: justify;\">A <strong>szem\u00fcveg<\/strong> hozz\u00e1vet\u0151leg 700 \u00e9ves m\u00faltra tekint vissza. Kezdetben csak a t\u00fall\u00e1t\u00f3k f\u00e9nyt\u00f6r\u00e9si hib\u00e1j\u00e1t tudt\u00e1k jav\u00edtani. A konk\u00e1v \u00fcvegek a r\u00f6vidl\u00e1t\u00e1s korrig\u00e1l\u00e1s\u00e1ra csak j\u00f3val k\u00e9s\u0151bb, a XVI. sz\u00e1zadban ker\u00fcltek forgalomba. Szem\u00fcveg visel\u00e9s\u00e9vel a f\u00e9nyt\u00f6r\u00e9si hib\u00e1k t\u00falnyom\u00f3 r\u00e9sze j\u00f3l jav\u00edthat\u00f3, alkalmaz\u00e1sa viszont bizonyos \u00e9lethelyzetekben h\u00e1tr\u00e1nyos, s\u0151t zavar\u00f3 is lehet.<\/p>\n<p style=\"text-align: justify;\">A <strong>kontaktlencse<\/strong>, mint l\u00e1t\u00e1sjav\u00edt\u00f3 eszk\u00f6z k\u00f6r\u00fclbel\u00fcl 80 \u00e9ve jelent meg a szem\u00e9szeti gyakorlatban. A kezdeti kem\u00e9ny lencs\u00e9ket napjainkban felv\u00e1ltott\u00e1k az oxig\u00e9n-\u00e1tereszt\u0151 f\u00e9lkem\u00e9ny \u00e9s a magas v\u00edztartalm\u00fa l\u00e1gy lencs\u00e9k. Egyre sz\u00e9lesebb k\u00f6rben v\u00e1lt lehet\u0151v\u00e9 haszn\u00e1latuk, de sajnos a kontaktlencs\u00e9vel sem lehet minden esetben megoldani a f\u00e9nyt\u00f6r\u00e9si hib\u00e1k ide\u00e1lis jav\u00edt\u00e1s\u00e1t.<\/p>\n<p style=\"text-align: justify;\">A harmadik l\u00e1t\u00f3\u00e9less\u00e9g jav\u00edt\u00f3 lehet\u0151s\u00e9g: a <strong>refrakt\u00edv seb\u00e9szet<\/strong> alig n\u00e9h\u00e1ny \u00e9vtizede l\u00e9tezik, \u00e1m egyre nagyobb teret h\u00f3d\u00edt. F\u00f6lgyorsult vil\u00e1gunkban egyre fontosabb, hogy minden korrekci\u00f3 n\u00e9lk\u00fcl k\u00fcl\u00f6nb\u00f6z\u0151 helyzetekben megfelel\u0151 l\u00e1t\u00f3\u00e9less\u00e9ggel rendelkezz\u00fcnk. A refrakt\u00edv seb\u00e9szet egyre t\u00f6k\u00e9letesebb, megb\u00edzhat\u00f3bb m\u00f3dszerek alkalmaz\u00e1s\u00e1val arra t\u00f6rekszik, hogy seg\u00e9deszk\u00f6z\u00f6k n\u00e9lk\u00fcl, min\u00e9l jobb l\u00e1t\u00f3\u00e9less\u00e9get biztos\u00edtson.<\/p>\n<!-- Facebook Members Plugin by Crunchify: http:\/\/Crunchify.com\/facebook-members\/ -->\r\n\t\t<div class=\"fb-recommendations-bar\" data-href=\"https:\/\/www.ratkayimola.hu\/?page_id=1447\" data-read-time=\"5\" data-side=\"\" data-action=\"like\"><\/div>","protected":false},"excerpt":{"rendered":"<p>IntraLasik= FEMTOLasik elj\u00e1r\u00e1s \u00a0PRK elj\u00e1r\u00e1s Visumax kezel\u00e9s L\u00e1t\u00f3\u00e9less\u00e9g jav\u00edt\u00e1s lehet\u0151s\u00e9gei A l\u00e1t\u00f3\u00e9less\u00e9g jav\u00edt\u00e1s\u00e1ra napjainkban h\u00e1rom lehet\u0151s\u00e9g \u00e1ll rendelkez\u00e9s\u00fcnkre: a szem\u00fcveg, a kontaktlencse \u00e9s a korrekci\u00f3s seb\u00e9szeti elj\u00e1r\u00e1sok. A szem\u00fcveg hozz\u00e1vet\u0151leg 700 \u00e9ves m\u00faltra tekint vissza. Kezdetben csak a t\u00fall\u00e1t\u00f3k f\u00e9nyt\u00f6r\u00e9si hib\u00e1j\u00e1t tudt\u00e1k jav\u00edtani. A konk\u00e1v \u00fcvegek a r\u00f6vidl\u00e1t\u00e1s korrig\u00e1l\u00e1s\u00e1ra csak j\u00f3val k\u00e9s\u0151bb, a XVI. sz\u00e1zadban [&hellip;]<\/p>\n","protected":false},"author":1,"featured_media":0,"parent":0,"menu_order":0,"comment_status":"closed","ping_status":"closed","template":"","meta":{"ngg_post_thumbnail":0,"footnotes":""},"class_list":["post-1447","page","type-page","status-publish","hentry"],"_links":{"self":[{"href":"https:\/\/www.ratkayimola.hu\/index.php?rest_route=\/wp\/v2\/pages\/1447","targetHints":{"allow":["GET"]}}],"collection":[{"href":"https:\/\/www.ratkayimola.hu\/index.php?rest_route=\/wp\/v2\/pages"}],"about":[{"href":"https:\/\/www.ratkayimola.hu\/index.php?rest_route=\/wp\/v2\/types\/page"}],"author":[{"embeddable":true,"href":"https:\/\/www.ratkayimola.hu\/index.php?rest_route=\/wp\/v2\/users\/1"}],"replies":[{"embeddable":true,"href":"https:\/\/www.ratkayimola.hu\/index.php?rest_route=%2Fwp%2Fv2%2Fcomments&post=1447"}],"version-history":[{"count":14,"href":"https:\/\/www.ratkayimola.hu\/index.php?rest_route=\/wp\/v2\/pages\/1447\/revisions"}],"predecessor-version":[{"id":3136,"href":"https:\/\/www.ratkayimola.hu\/index.php?rest_route=\/wp\/v2\/pages\/1447\/revisions\/3136"}],"wp:attachment":[{"href":"https:\/\/www.ratkayimola.hu\/index.php?rest_route=%2Fwp%2Fv2%2Fmedia&parent=1447"}],"curies":[{"name":"wp","href":"https:\/\/api.w.org\/{rel}","templated":true}]}}

Refraktív sebészet

<table width="240">
<tbody>
<tr>
<td width="80">
<h2 style="text-align: center;"><a title="IntraLasik eljárás" href="http://www.ratkayimola.hu/?page_id=1637"><span style="color: #67bcb5;">IntraLasik= FEMTOLasik eljárás</span></a></h2>
</td>
<td width="80">
<h2 style="text-align: center;"> <a title="PRK eljárás" href="http://www.ratkayimola.hu/?page_id=1641"><span style="color: #67bcb5;">PRK eljárás</span></a></h2>
</td>
<td width="80">
<h2 style="text-align: center;"><a title="Visumax eljárás" href="https://www.ratkayimola.hu/?page_id=2670"><span style="color: #67bcb5;"><span style="color: #67bcb5;">Visumax kezelés</span></a></h2>
</td>
</tr>
</tbody>
</table>
<p style="text-align: justify;"><strong>Látóélesség javítás lehetőségei</strong></p>
<p style="text-align: justify;">A <strong>látóélesség javítás</strong>ára napjainkban három lehetőség áll rendelkezésünkre: <a href="http://www.ratkayimola.hu/wp-content/uploads/2015/02/2m.png"><img loading="lazy" decoding="async" class="alignright wp-image-2000" src="http://www.ratkayimola.hu/wp-content/uploads/2015/02/2m.png" alt="2m" width="400" height="333" /></a>a szemüveg, a kontaktlencse és a korrekciós sebészeti eljárások.</p>
<p style="text-align: justify;">A <strong>szemüveg</strong> hozzávetőleg 700 éves múltra tekint vissza. Kezdetben csak a túllátók fénytörési hibáját tudták javítani. A konkáv üvegek a rövidlátás korrigálására csak jóval később, a XVI. században kerültek forgalomba. Szemüveg viselésével a fénytörési hibák túlnyomó része jól javítható, alkalmazása viszont bizonyos élethelyzetekben hátrányos, sőt zavaró is lehet.</p>
<p style="text-align: justify;">A <strong>kontaktlencse</strong>, mint látásjavító eszköz körülbelül 80 éve jelent meg a szemészeti gyakorlatban. A kezdeti kemény lencséket napjainkban felváltották az oxigén-áteresztő félkemény és a magas víztartalmú lágy lencsék. Egyre szélesebb körben vált lehetővé használatuk, de sajnos a kontaktlencsével sem lehet minden esetben megoldani a fénytörési hibák ideális javítását.</p>
<p style="text-align: justify;">A harmadik látóélesség javító lehetőség: a <strong>refraktív sebészet</strong> alig néhány évtizede létezik, ám egyre nagyobb teret hódít. Fölgyorsult világunkban egyre fontosabb, hogy minden korrekció nélkül különböző helyzetekben megfelelő látóélességgel rendelkezzünk. A refraktív sebészet egyre tökéletesebb, megbízhatóbb módszerek alkalmazásával arra törekszik, hogy segédeszközök nélkül, minél jobb látóélességet biztosítson.</p>
<!-- Facebook Members Plugin by Crunchify: http://Crunchify.com/facebook-members/ -->
		<div class="fb-recommendations-bar" data-href="https://www.ratkayimola.hu/?page_id=1447" data-read-time="5" data-side="" data-action="like"></div>

<p>IntraLasik= FEMTOLasik eljárás  PRK eljárás Visumax kezelés Látóélesség javítás lehetőségei A látóélesség javítására napjainkban három lehetőség áll rendelkezésünkre: a szemüveg, a kontaktlencse és a korrekciós sebészeti eljárások. A szemüveg hozzávetőleg 700 éves múltra tekint vissza. Kezdetben csak a túllátók fénytörési hibáját tudták javítani. A konkáv üvegek a rövidlátás korrigálására csak jóval később, a XVI. században [&hellip;]</p>
