{"id":1451,"date":"2015-02-16T15:26:43","date_gmt":"2015-02-16T14:26:43","guid":{"rendered":"http:\/\/www.ratkayimola.hu\/wp\/?page_id=1451"},"modified":"2015-07-05T22:58:21","modified_gmt":"2015-07-05T21:58:21","slug":"szemhejplasztika","status":"publish","type":"page","link":"https:\/\/www.ratkayimola.hu\/?page_id=1451","title":{"rendered":"Szemh\u00e9jplasztika"},"content":{"rendered":"<p style=\"text-align: justify;\">A szem a &#8222;l\u00e9lek t\u00fckre&#8221;, &#8222;a szem mindent el\u00e1rul&#8221;, &#8222;szemei nem hazudnak&#8221; &#8211;<a href=\"http:\/\/www.ratkayimola.hu\/wp-content\/uploads\/2015\/02\/szemhej2.jpg\"><img loading=\"lazy\" decoding=\"async\" class=\"alignright wp-image-1961\" src=\"http:\/\/www.ratkayimola.hu\/wp-content\/uploads\/2015\/02\/szemhej2.jpg\" alt=\"szemhej2\" width=\"247\" height=\"170\" \/><\/a> kifejez\u00e9sek is t\u00fckr\u00f6zik milyen d\u00f6nt\u0151 szerepe van tekintet\u00fcnknek \u00e9rzelmeink, gondolataink kifejez\u00e9s\u00e9ben, kapcsolat teremt\u00e9s\u00fcnkben.<\/p>\n<p style=\"text-align: justify;\">A szem \u00e9s k\u00f6rny\u00e9ke az orvos sz\u00e1m\u00e1ra m\u00e1r els\u0151 tal\u00e1lkoz\u00e1skor inform\u00e1ci\u00f3t jelent beteg\u00e9r\u0151l, hiszen sz\u00e1mos szervi betegs\u00e9g jeleit t\u00fckr\u00f6zhetik: pl. vesebetegs\u00e9g, pajzsmirigybetegs\u00e9g, allergia, sz\u00edvbetegs\u00e9g, t\u00falzott alkoholfogyaszt\u00e1s.<\/p>\n<p style=\"text-align: justify;\">A szemh\u00e9j b\u0151re szervezet\u00fcnk legv\u00e9konyabb b\u0151re finom nyirok\u00e9rh\u00e1l\u00f3zattal, mely egy\u00e9nileg igen \u00e9rz\u00e9kenyen reag\u00e1l kialvatlans\u00e1gra, az id\u0151 el\u0151rehalad\u00e1s\u00e1ra.<\/p>\n<p style=\"text-align: justify;\">Megfelel\u0151 \u00e9letm\u00f3ddal, kozmetik\u00e1val hosszabb-r\u00f6videbb ideig k\u00e9zben tarthat\u00f3, lass\u00edthat\u00f3 ez az &#8222;\u00f6reged\u00e9si folyamat&#8221;, de a szemh\u00e9jak l\u00f3g\u00e1sa, az als\u00f3 szemh\u00e9jon t\u00e1sk\u00e1k k\u00e9pz\u0151d\u00e9se, a szem\u00f6ld\u00f6k cs\u00fcng\u00e9se plasztikai beavatkoz\u00e1st ig\u00e9nyelhet.<\/p>\n<p style=\"text-align: justify;\"><a href=\"http:\/\/www.ratkayimola.hu\/wp-content\/uploads\/2015\/02\/szemhej3.jpg\"><img loading=\"lazy\" decoding=\"async\" class=\"alignleft wp-image-1967 size-medium\" src=\"http:\/\/www.ratkayimola.hu\/wp-content\/uploads\/2015\/02\/szemhej3-300x255.jpg\" alt=\"szemhej3\" width=\"300\" height=\"255\" srcset=\"https:\/\/www.ratkayimola.hu\/wp-content\/uploads\/2015\/02\/szemhej3-300x255.jpg 300w, https:\/\/www.ratkayimola.hu\/wp-content\/uploads\/2015\/02\/szemhej3-624x532.jpg 624w, https:\/\/www.ratkayimola.hu\/wp-content\/uploads\/2015\/02\/szemhej3.jpg 729w\" sizes=\"auto, (max-width: 300px) 100vw, 300px\" \/><\/a>A szemh\u00e9jplasztik\u00e1k t\u00f6bbs\u00e9g\u00e9ben az <\/span><strong >ambul\u00e1ns m\u0171t\u00e9tek<\/strong> k\u00f6z\u00e9 tartoznak, melyek helyi \u00e9rz\u00e9stelen\u00edt\u00e9sben elv\u00e9gezhet\u0151k. A <\/span><strong >fels\u0151 szemh\u00e9jplasztika<\/strong> l\u00e9nyege a lecs\u00fcng\u0151 b\u0151r elt\u00e1vol\u00edt\u00e1sa esetleg az izom r\u00e9szleges elt\u00e1vol\u00edt\u00e1s\u00e1val egy\u00fctt. Az <\/span><strong >als\u00f3 szemh\u00e9jplasztika<\/strong> bonyolultabb, id\u0151ben is hosszabb beavatkoz\u00e1s, mert gyakran a t\u00e1sk\u00e1k\u00e9rt felel\u0151s m\u00e9ly zs\u00edrfelesleget is el kell t\u00e1vol\u00edtani a felesleges b\u0151rrel \u00e9s izommal egy\u00fctt. A sebek z\u00e1r\u00e1sa igen v\u00e9kony fonallal t\u00f6rt\u00e9nik a term\u00e9szetes red\u0151ben, melyek k\u00e9s\u0151bb alig l\u00e1that\u00f3k. A varratokat 5-7 nappal a m\u0171t\u00e9t ut\u00e1n elt\u00e1vol\u00edthatjuk. A m\u0171t\u00e9t ut\u00e1n fell\u00e9p\u0151 duzzanat, bev\u00e9rz\u00e9s n\u00e9h\u00e1ny nap alatt fokozatosan felsz\u00edv\u00f3dik, addig is napszem\u00fcveg visel\u00e9s\u00e9vel elfedhet\u0151. Ha a p\u00e1ciens sebgy\u00f3gyul\u00e1sa megfelel\u0151, a hegek 3-4 h\u00e9t alatt csak sejthet\u0151v\u00e9 v\u00e1lnak.<\/span><\/p>\n<p style=\"text-align: justify;\">Miut\u00e1n a <strong>szemh\u00e9j<\/strong>ak fent le\u00edrt probl\u00e9m\u00e1i jelent\u0151sen \u00f6reg\u00edthetik az arcot, a <strong>m\u0171t\u00e9ttel nagyon l\u00e1tv\u00e1nyos fiatalod\u00e1s \u00e9rhet\u0151 el<\/strong>. Az eredm\u00e9ny azonban nem tart egy \u00e9leten kereszt\u00fcl, a szemh\u00e9jak meglazul\u00e1sa ~10 \u00e9v ut\u00e1n ism\u00e9t kialakulhat. Ha sz\u00fcks\u00e9ges ilyenkor \u00fajabb m\u0171t\u00e9t v\u00e9gezhet\u0151. A m\u0171t\u00e9t ritk\u00e1n sz\u00fcks\u00e9ges 35 \u00e9ves kor el\u0151tt, fels\u0151 korhat\u00e1ra nincs. A p\u00e1ciensek k\u00f6z\u00f6tt f\u00e9rfiak \u00e9s n\u0151k egyar\u00e1nt el\u0151fordulnak.<\/p>\n<p style=\"text-align: justify;\"><a href=\"http:\/\/www.ratkayimola.hu\/wp-content\/uploads\/2015\/03\/szemhejplasztika.pdf\" target=\"_blank\">Tov\u00e1bbi inform\u00e1ci\u00f3kat tudhat meg a szemh\u00e9jplasztik\u00e1r\u00f3l (PDF)<\/a><\/p>\n<p><a href=\"http:\/\/www.eleslato.hu\/index_hu.htm\" target=\"_blank\">B\u0151vebb t\u00e1j\u00e9koztat\u00e1s\u00e9rt ide kattintva ell\u00e1togathat a www.eleslato.hu weboldalunkra!<\/a><\/p>\n<!-- Facebook Members Plugin by Crunchify: http:\/\/Crunchify.com\/facebook-members\/ -->\r\n\t\t<div class=\"fb-recommendations-bar\" data-href=\"https:\/\/www.ratkayimola.hu\/?page_id=1451\" data-read-time=\"5\" data-side=\"\" data-action=\"like\"><\/div>","protected":false},"excerpt":{"rendered":"<p>A szem a &#8222;l\u00e9lek t\u00fckre&#8221;, &#8222;a szem mindent el\u00e1rul&#8221;, &#8222;szemei nem hazudnak&#8221; &#8211; kifejez\u00e9sek is t\u00fckr\u00f6zik milyen d\u00f6nt\u0151 szerepe van tekintet\u00fcnknek \u00e9rzelmeink, gondolataink kifejez\u00e9s\u00e9ben, kapcsolat teremt\u00e9s\u00fcnkben. A szem \u00e9s k\u00f6rny\u00e9ke az orvos sz\u00e1m\u00e1ra m\u00e1r els\u0151 tal\u00e1lkoz\u00e1skor inform\u00e1ci\u00f3t jelent beteg\u00e9r\u0151l, hiszen sz\u00e1mos szervi betegs\u00e9g jeleit t\u00fckr\u00f6zhetik: pl. vesebetegs\u00e9g, pajzsmirigybetegs\u00e9g, allergia, sz\u00edvbetegs\u00e9g, t\u00falzott alkoholfogyaszt\u00e1s. A szemh\u00e9j b\u0151re [&hellip;]<\/p>\n","protected":false},"author":1,"featured_media":0,"parent":0,"menu_order":0,"comment_status":"closed","ping_status":"closed","template":"","meta":{"ngg_post_thumbnail":0,"footnotes":""},"class_list":["post-1451","page","type-page","status-publish","hentry"],"_links":{"self":[{"href":"https:\/\/www.ratkayimola.hu\/index.php?rest_route=\/wp\/v2\/pages\/1451","targetHints":{"allow":["GET"]}}],"collection":[{"href":"https:\/\/www.ratkayimola.hu\/index.php?rest_route=\/wp\/v2\/pages"}],"about":[{"href":"https:\/\/www.ratkayimola.hu\/index.php?rest_route=\/wp\/v2\/types\/page"}],"author":[{"embeddable":true,"href":"https:\/\/www.ratkayimola.hu\/index.php?rest_route=\/wp\/v2\/users\/1"}],"replies":[{"embeddable":true,"href":"https:\/\/www.ratkayimola.hu\/index.php?rest_route=%2Fwp%2Fv2%2Fcomments&post=1451"}],"version-history":[{"count":19,"href":"https:\/\/www.ratkayimola.hu\/index.php?rest_route=\/wp\/v2\/pages\/1451\/revisions"}],"predecessor-version":[{"id":2467,"href":"https:\/\/www.ratkayimola.hu\/index.php?rest_route=\/wp\/v2\/pages\/1451\/revisions\/2467"}],"wp:attachment":[{"href":"https:\/\/www.ratkayimola.hu\/index.php?rest_route=%2Fwp%2Fv2%2Fmedia&parent=1451"}],"curies":[{"name":"wp","href":"https:\/\/api.w.org\/{rel}","templated":true}]}}

Szemhéjplasztika

<p style="text-align: justify;">A szem a &#8222;lélek tükre&#8221;, &#8222;a szem mindent elárul&#8221;, &#8222;szemei nem hazudnak&#8221; &#8211;<a href="http://www.ratkayimola.hu/wp-content/uploads/2015/02/szemhej2.jpg"><img loading="lazy" decoding="async" class="alignright wp-image-1961" src="http://www.ratkayimola.hu/wp-content/uploads/2015/02/szemhej2.jpg" alt="szemhej2" width="247" height="170" /></a> kifejezések is tükrözik milyen döntő szerepe van tekintetünknek érzelmeink, gondolataink kifejezésében, kapcsolat teremtésünkben.</p>
<p style="text-align: justify;">A szem és környéke az orvos számára már első találkozáskor információt jelent betegéről, hiszen számos szervi betegség jeleit tükrözhetik: pl. vesebetegség, pajzsmirigybetegség, allergia, szívbetegség, túlzott alkoholfogyasztás.</p>
<p style="text-align: justify;">A szemhéj bőre szervezetünk legvékonyabb bőre finom nyirokérhálózattal, mely egyénileg igen érzékenyen reagál kialvatlanságra, az idő előrehaladására.</p>
<p style="text-align: justify;">Megfelelő életmóddal, kozmetikával hosszabb-rövidebb ideig kézben tartható, lassítható ez az &#8222;öregedési folyamat&#8221;, de a szemhéjak lógása, az alsó szemhéjon táskák képződése, a szemöldök csüngése plasztikai beavatkozást igényelhet.</p>
<p style="text-align: justify;"><a href="http://www.ratkayimola.hu/wp-content/uploads/2015/02/szemhej3.jpg"><img loading="lazy" decoding="async" class="alignleft wp-image-1967 size-medium" src="http://www.ratkayimola.hu/wp-content/uploads/2015/02/szemhej3-300x255.jpg" alt="szemhej3" width="300" height="255" srcset="https://www.ratkayimola.hu/wp-content/uploads/2015/02/szemhej3-300x255.jpg 300w, https://www.ratkayimola.hu/wp-content/uploads/2015/02/szemhej3-624x532.jpg 624w, https://www.ratkayimola.hu/wp-content/uploads/2015/02/szemhej3.jpg 729w" sizes="auto, (max-width: 300px) 100vw, 300px" /></a>A szemhéjplasztikák többségében az </span><strong >ambuláns műtétek</strong> közé tartoznak, melyek helyi érzéstelenítésben elvégezhetők. A </span><strong >felső szemhéjplasztika</strong> lényege a lecsüngő bőr eltávolítása esetleg az izom részleges eltávolításával együtt. Az </span><strong >alsó szemhéjplasztika</strong> bonyolultabb, időben is hosszabb beavatkozás, mert gyakran a táskákért felelős mély zsírfelesleget is el kell távolítani a felesleges bőrrel és izommal együtt. A sebek zárása igen vékony fonallal történik a természetes redőben, melyek később alig láthatók. A varratokat 5-7 nappal a műtét után eltávolíthatjuk. A műtét után fellépő duzzanat, bevérzés néhány nap alatt fokozatosan felszívódik, addig is napszemüveg viselésével elfedhető. Ha a páciens sebgyógyulása megfelelő, a hegek 3-4 hét alatt csak sejthetővé válnak.</span></p>
<p style="text-align: justify;">Miután a <strong>szemhéj</strong>ak fent leírt problémái jelentősen öregíthetik az arcot, a <strong>műtéttel nagyon látványos fiatalodás érhető el</strong>. Az eredmény azonban nem tart egy életen keresztül, a szemhéjak meglazulása ~10 év után ismét kialakulhat. Ha szükséges ilyenkor újabb műtét végezhető. A műtét ritkán szükséges 35 éves kor előtt, felső korhatára nincs. A páciensek között férfiak és nők egyaránt előfordulnak.</p>
<p style="text-align: justify;"><a href="http://www.ratkayimola.hu/wp-content/uploads/2015/03/szemhejplasztika.pdf" target="_blank">További információkat tudhat meg a szemhéjplasztikáról (PDF)</a></p>
<p><a href="http://www.eleslato.hu/index_hu.htm" target="_blank">Bővebb tájékoztatásért ide kattintva ellátogathat a www.eleslato.hu weboldalunkra!</a></p>
<!-- Facebook Members Plugin by Crunchify: http://Crunchify.com/facebook-members/ -->
		<div class="fb-recommendations-bar" data-href="https://www.ratkayimola.hu/?page_id=1451" data-read-time="5" data-side="" data-action="like"></div>

<p>A szem a &#8222;lélek tükre&#8221;, &#8222;a szem mindent elárul&#8221;, &#8222;szemei nem hazudnak&#8221; &#8211; kifejezések is tükrözik milyen döntő szerepe van tekintetünknek érzelmeink, gondolataink kifejezésében, kapcsolat teremtésünkben. A szem és környéke az orvos számára már első találkozáskor információt jelent betegéről, hiszen számos szervi betegség jeleit tükrözhetik: pl. vesebetegség, pajzsmirigybetegség, allergia, szívbetegség, túlzott alkoholfogyasztás. A szemhéj bőre [&hellip;]</p>
